{"id":15840,"date":"2025-02-06T08:58:44","date_gmt":"2025-02-06T11:58:44","guid":{"rendered":"https:\/\/nilofrantz.com.br\/site26\/?page_id=15840"},"modified":"2025-07-21T11:40:40","modified_gmt":"2025-07-21T14:40:40","slug":"santa-maria","status":"publish","type":"page","link":"https:\/\/nilofrantz.com.br\/site26\/santa-maria\/","title":{"rendered":"Santa Maria"},"content":{"rendered":"\t\t<div data-elementor-type=\"wp-page\" data-elementor-id=\"15840\" class=\"elementor elementor-15840\" data-elementor-post-type=\"page\">\n\t\t\t\t<div class=\"elementor-element elementor-element-247685c e-flex e-con-boxed e-con e-parent\" data-id=\"247685c\" data-element_type=\"container\" data-e-type=\"container\" data-settings=\"{&quot;background_background&quot;:&quot;gradient&quot;}\">\n\t\t\t\t\t<div class=\"e-con-inner\">\n\t\t<div class=\"elementor-element elementor-element-e066531 e-con-full e-flex e-con e-child\" data-id=\"e066531\" data-element_type=\"container\" data-e-type=\"container\">\n\t\t\t\t<div class=\"elementor-element elementor-element-38da9bf elementor-widget elementor-widget-image\" data-id=\"38da9bf\" data-element_type=\"widget\" data-e-type=\"widget\" data-widget_type=\"image.default\">\n\t\t\t\t\t\t\t\t\t\t\t\t\t\t\t<img fetchpriority=\"high\" decoding=\"async\" width=\"515\" height=\"342\" src=\"https:\/\/nilofrantz.com.br\/site26\/wp-content\/uploads\/2024\/08\/Design-sem-nome-11.png\" class=\"attachment-large size-large wp-image-14649\" alt=\"Nilo Frantz - Medicina Reprodutiva - Unidade Santa Maria\" srcset=\"https:\/\/nilofrantz.com.br\/site26\/wp-content\/uploads\/2024\/08\/Design-sem-nome-11.png 515w, https:\/\/nilofrantz.com.br\/site26\/wp-content\/uploads\/2024\/08\/Design-sem-nome-11-300x199.png 300w\" sizes=\"(max-width: 515px) 100vw, 515px\" \/>\t\t\t\t\t\t\t\t\t\t\t\t\t\t\t<\/div>\n\t\t\t\t<\/div>\n\t\t<div class=\"elementor-element elementor-element-1129a59 e-con-full e-flex e-con e-child\" data-id=\"1129a59\" data-element_type=\"container\" data-e-type=\"container\">\n\t\t\t\t<div class=\"elementor-element elementor-element-cd3355c elementor-widget elementor-widget-heading\" data-id=\"cd3355c\" data-element_type=\"widget\" data-e-type=\"widget\" data-widget_type=\"heading.default\">\n\t\t\t\t\t<h1 class=\"elementor-heading-title elementor-size-default\" class=\"elementor-heading-title elementor-size-default\" id=\"santa-maria\">Santa Maria<\/h1>\t\t\t\t<\/div>\n\t\t\t\t<div class=\"elementor-element elementor-element-1dcc538 elementor-widget elementor-widget-text-editor\" data-id=\"1dcc538\" data-element_type=\"widget\" data-e-type=\"widget\" data-widget_type=\"text-editor.default\">\n\t\t\t\t\t\t\t\t\t<p>Localizada na \u00e1rea central da cidade, com f\u00e1cil acesso a hot\u00e9is e conveni\u00eancias.<\/p>\t\t\t\t\t\t\t\t<\/div>\n\t\t\t\t<div class=\"elementor-element elementor-element-f06e9a4 elementor-widget elementor-widget-spacer\" data-id=\"f06e9a4\" data-element_type=\"widget\" data-e-type=\"widget\" data-widget_type=\"spacer.default\">\n\t\t\t\t\t\t\t<div class=\"elementor-spacer\">\n\t\t\t<div class=\"elementor-spacer-inner\"><\/div>\n\t\t<\/div>\n\t\t\t\t\t\t<\/div>\n\t\t\t\t<div class=\"elementor-element elementor-element-ed7ade0 elementor-align-start elementor-icon-list--layout-traditional elementor-list-item-link-full_width elementor-widget elementor-widget-icon-list\" data-id=\"ed7ade0\" data-element_type=\"widget\" data-e-type=\"widget\" data-widget_type=\"icon-list.default\">\n\t\t\t\t\t\t\t<ul class=\"elementor-icon-list-items\">\n\t\t\t\t\t\t\t<li class=\"elementor-icon-list-item\">\n\t\t\t\t\t\t\t\t\t\t\t<span class=\"elementor-icon-list-icon\">\n\t\t\t\t\t\t\t<svg xmlns=\"http:\/\/www.w3.org\/2000\/svg\" width=\"16\" height=\"20\" viewBox=\"0 0 16 20\" fill=\"none\"><path fill-rule=\"evenodd\" clip-rule=\"evenodd\" d=\"M8 11C6.343 11 5 9.657 5 8C5 6.343 6.343 5 8 5C9.657 5 11 6.343 11 8C11 9.657 9.657 11 8 11Z\" stroke=\"#FF0081\" stroke-width=\"1.5\" stroke-linecap=\"round\" stroke-linejoin=\"round\"><\/path><path fill-rule=\"evenodd\" clip-rule=\"evenodd\" d=\"M8 19C8 19 1 13.25 1 8C1 4.134 4.134 1 8 1C11.866 1 15 4.134 15 8C15 13.25 8 19 8 19Z\" stroke=\"#FF0081\" stroke-width=\"1.5\" stroke-linecap=\"round\" stroke-linejoin=\"round\"><\/path><\/svg>\t\t\t\t\t\t<\/span>\n\t\t\t\t\t\t\t\t\t\t<span class=\"elementor-icon-list-text\">Endere\u00e7o<\/span>\n\t\t\t\t\t\t\t\t\t<\/li>\n\t\t\t\t\t\t<\/ul>\n\t\t\t\t\t\t<\/div>\n\t\t\t\t<div class=\"elementor-element elementor-element-9080025 elementor-widget elementor-widget-text-editor\" data-id=\"9080025\" data-element_type=\"widget\" data-e-type=\"widget\" data-widget_type=\"text-editor.default\">\n\t\t\t\t\t\t\t\t\t<p>Rua Andr\u00e9 Marques, 820 &#8211; sala 703<br \/>Centro, Santa Maria &#8211; RS<br \/>97010-041<\/p>\t\t\t\t\t\t\t\t<\/div>\n\t\t\t\t<div class=\"elementor-element elementor-element-5a12134 elementor-icon-list--layout-traditional elementor-list-item-link-full_width elementor-widget elementor-widget-icon-list\" data-id=\"5a12134\" data-element_type=\"widget\" data-e-type=\"widget\" data-widget_type=\"icon-list.default\">\n\t\t\t\t\t\t\t<ul class=\"elementor-icon-list-items\">\n\t\t\t\t\t\t\t<li class=\"elementor-icon-list-item\">\n\t\t\t\t\t\t\t\t\t\t\t<span class=\"elementor-icon-list-icon\">\n\t\t\t\t\t\t\t<svg xmlns=\"http:\/\/www.w3.org\/2000\/svg\" width=\"20\" height=\"20\" viewBox=\"0 0 20 20\" fill=\"none\"><path d=\"M14.6407 13.9998L9.71875 11.0638V4.73584\" stroke=\"#FF0081\" stroke-width=\"1.5\" stroke-linecap=\"round\" stroke-linejoin=\"round\"><\/path><path d=\"M16.3639 3.63604C19.8787 7.15076 19.8787 12.8492 16.3639 16.3639C12.8492 19.8787 7.15074 19.8787 3.63604 16.3639C0.12132 12.8492 0.12132 7.15074 3.63604 3.63604C7.15076 0.12132 12.8492 0.12132 16.3639 3.63604\" stroke=\"#FF0081\" stroke-width=\"1.5\" stroke-linecap=\"round\" stroke-linejoin=\"round\"><\/path><\/svg>\t\t\t\t\t\t<\/span>\n\t\t\t\t\t\t\t\t\t\t<span class=\"elementor-icon-list-text\">Hor\u00e1rio de Funcionamento<\/span>\n\t\t\t\t\t\t\t\t\t<\/li>\n\t\t\t\t\t\t<\/ul>\n\t\t\t\t\t\t<\/div>\n\t\t\t\t<div class=\"elementor-element elementor-element-1edde31 elementor-widget elementor-widget-text-editor\" data-id=\"1edde31\" data-element_type=\"widget\" data-e-type=\"widget\" data-widget_type=\"text-editor.default\">\n\t\t\t\t\t\t\t\t\t<p>Segunda \u00e0 sexta: 8h \u00e0s 18h <br \/>S\u00e1bado: 8h \u00e0s 12h<\/p>\t\t\t\t\t\t\t\t<\/div>\n\t\t\t\t<div class=\"elementor-element elementor-element-55000c8 elementor-icon-list--layout-traditional elementor-list-item-link-full_width elementor-widget elementor-widget-icon-list\" data-id=\"55000c8\" data-element_type=\"widget\" data-e-type=\"widget\" data-widget_type=\"icon-list.default\">\n\t\t\t\t\t\t\t<ul class=\"elementor-icon-list-items\">\n\t\t\t\t\t\t\t<li class=\"elementor-icon-list-item\">\n\t\t\t\t\t\t\t\t\t\t\t<span class=\"elementor-icon-list-icon\">\n\t\t\t\t\t\t\t<svg xmlns=\"http:\/\/www.w3.org\/2000\/svg\" width=\"20\" height=\"20\" viewBox=\"0 0 20 20\" fill=\"none\"><path fill-rule=\"evenodd\" clip-rule=\"evenodd\" d=\"M8.85615 11.1439C7.68615 9.97387 6.80415 8.66387 6.21815 7.33487C6.09415 7.05387 6.16715 6.72487 6.38415 6.50787L7.20315 5.68987C7.87415 5.01887 7.87415 4.06987 7.28815 3.48387L6.11415 2.30987C5.33315 1.52887 4.06715 1.52887 3.28615 2.30987L2.63415 2.96187C1.89315 3.70287 1.58415 4.77187 1.78415 5.83187C2.27815 8.44487 3.79615 11.3059 6.24515 13.7549C8.69415 16.2039 11.5551 17.7219 14.1681 18.2159C15.2281 18.4159 16.2971 18.1069 17.0381 17.3659L17.6891 16.7149C18.4701 15.9339 18.4701 14.6679 17.6891 13.8869L16.5161 12.7139C15.9301 12.1279 14.9801 12.1279 14.3951 12.7139L13.4921 13.6179C13.2751 13.8349 12.9461 13.9079 12.6651 13.7839C11.3361 13.1969 10.0261 12.3139 8.85615 11.1439Z\" stroke=\"#FF0081\" stroke-width=\"1.5\" stroke-linecap=\"round\" stroke-linejoin=\"round\"><\/path><\/svg>\t\t\t\t\t\t<\/span>\n\t\t\t\t\t\t\t\t\t\t<span class=\"elementor-icon-list-text\">Contato<\/span>\n\t\t\t\t\t\t\t\t\t<\/li>\n\t\t\t\t\t\t<\/ul>\n\t\t\t\t\t\t<\/div>\n\t\t\t\t<div class=\"elementor-element elementor-element-7e0f693 elementor-widget elementor-widget-text-editor\" data-id=\"7e0f693\" data-element_type=\"widget\" data-e-type=\"widget\" data-widget_type=\"text-editor.default\">\n\t\t\t\t\t\t\t\t\t<p>(55) 3225-4119<\/p><p><a href=\"https:\/\/wa.me\/5555992163793\">(55) 99216 3793<\/a><\/p><p><a href=\"mailto:clinica@nilofrantz.com.br\"><strong>clinica@nilofrantz.com.br<\/strong><\/a><\/p>\t\t\t\t\t\t\t\t<\/div>\n\t\t\t\t<\/div>\n\t\t\t\t\t<\/div>\n\t\t\t\t<\/div>\n\t\t<div class=\"elementor-element elementor-element-33543a0 e-flex e-con-boxed e-con e-parent\" data-id=\"33543a0\" data-element_type=\"container\" data-e-type=\"container\" data-settings=\"{&quot;background_background&quot;:&quot;classic&quot;}\">\n\t\t\t\t\t<div class=\"e-con-inner\">\n\t\t<div class=\"elementor-element elementor-element-e4cd909 e-con-full e-flex e-con e-child\" data-id=\"e4cd909\" data-element_type=\"container\" data-e-type=\"container\">\n\t\t\t\t<div class=\"elementor-element elementor-element-7c5b9f5 elementor-widget elementor-widget-image\" data-id=\"7c5b9f5\" data-element_type=\"widget\" data-e-type=\"widget\" data-widget_type=\"image.default\">\n\t\t\t\t\t\t\t\t\t\t\t\t\t\t\t<img decoding=\"async\" width=\"698\" height=\"664\" src=\"https:\/\/nilofrantz.com.br\/site26\/wp-content\/uploads\/2025\/02\/foto-recortada-unidades.png\" class=\"attachment-large size-large wp-image-16149\" alt=\"Mulher jovem com express\u00e3o serena usando o celular, vestindo su\u00e9ter claro e sorrindo levemente.\" srcset=\"https:\/\/nilofrantz.com.br\/site26\/wp-content\/uploads\/2025\/02\/foto-recortada-unidades.png 698w, https:\/\/nilofrantz.com.br\/site26\/wp-content\/uploads\/2025\/02\/foto-recortada-unidades-300x285.png 300w\" sizes=\"(max-width: 698px) 100vw, 698px\" \/>\t\t\t\t\t\t\t\t\t\t\t\t\t\t\t<\/div>\n\t\t\t\t<\/div>\n\t\t<div class=\"elementor-element elementor-element-c01241e e-con-full e-flex e-con e-child\" data-id=\"c01241e\" data-element_type=\"container\" data-e-type=\"container\">\n\t\t\t\t<div class=\"elementor-element elementor-element-0eab04f elementor-widget elementor-widget-heading\" data-id=\"0eab04f\" data-element_type=\"widget\" data-e-type=\"widget\" data-widget_type=\"heading.default\">\n\t\t\t\t\t<h2 class=\"elementor-heading-title elementor-size-default\" class=\"elementor-heading-title elementor-size-default\" id=\"entre-em-contato-conosco\">Entre em contato conosco<\/h2>\t\t\t\t<\/div>\n\t\t\t\t<div class=\"elementor-element elementor-element-dd17de2 elementor-widget elementor-widget-text-editor\" data-id=\"dd17de2\" data-element_type=\"widget\" data-e-type=\"widget\" data-widget_type=\"text-editor.default\">\n\t\t\t\t\t\t\t\t\t<p>Para mais informa\u00e7\u00f5es, entre em contato conosco atrav\u00e9s do bot\u00e3o abaixo.<\/p>\t\t\t\t\t\t\t\t<\/div>\n\t\t\t\t<div class=\"elementor-element elementor-element-1009f38 elementor-widget elementor-widget-button\" data-id=\"1009f38\" data-element_type=\"widget\" data-e-type=\"widget\" data-widget_type=\"button.default\">\n\t\t\t\t\t\t\t\t\t\t<a class=\"elementor-button elementor-button-link elementor-size-sm\" href=\"https:\/\/conteudo.nilofrantz.com.br\/agendar-consulta-site\">\n\t\t\t\t\t\t<span class=\"elementor-button-content-wrapper\">\n\t\t\t\t\t\t\t\t\t<span class=\"elementor-button-text\">Entre em contato<\/span>\n\t\t\t\t\t<\/span>\n\t\t\t\t\t<\/a>\n\t\t\t\t\t\t\t\t<\/div>\n\t\t\t\t<\/div>\n\t\t\t\t\t<\/div>\n\t\t\t\t<\/div>\n\t\t<div class=\"elementor-element elementor-element-e17d800 e-flex e-con-boxed e-con e-parent\" data-id=\"e17d800\" data-element_type=\"container\" data-e-type=\"container\" data-settings=\"{&quot;background_background&quot;:&quot;gradient&quot;}\">\n\t\t\t\t\t<div class=\"e-con-inner\">\n\t\t\t\t<div class=\"elementor-element elementor-element-2c29031 elementor-widget elementor-widget-heading\" data-id=\"2c29031\" data-element_type=\"widget\" data-e-type=\"widget\" data-widget_type=\"heading.default\">\n\t\t\t\t\t<h3 class=\"elementor-heading-title elementor-size-default\" class=\"elementor-heading-title elementor-size-default\" id=\"encontre-no-mapa\">Encontre no Mapa<\/h3>\t\t\t\t<\/div>\n\t\t\t\t<div class=\"elementor-element elementor-element-533c463 elementor-widget elementor-widget-google_maps\" data-id=\"533c463\" data-element_type=\"widget\" data-e-type=\"widget\" data-widget_type=\"google_maps.default\">\n\t\t\t\t\t\t\t<div class=\"elementor-custom-embed\">\n\t\t\t<iframe loading=\"lazy\"\n\t\t\t\t\tsrc=\"https:\/\/maps.google.com\/maps?q=Rua%20Andr%C3%A9%20Marques%2C%20820%20-%20sala%20703%20Centro%2C%20Santa%20Maria%20-%20RS%2097010-041&#038;t=m&#038;z=13&#038;output=embed&#038;iwloc=near\"\n\t\t\t\t\ttitle=\"Rua Andr\u00e9 Marques, 820 - sala 703 Centro, Santa Maria - RS 97010-041\"\n\t\t\t\t\taria-label=\"Rua Andr\u00e9 Marques, 820 - sala 703 Centro, Santa Maria - RS 97010-041\"\n\t\t\t><\/iframe>\n\t\t<\/div>\n\t\t\t\t\t\t<\/div>\n\t\t\t\t\t<\/div>\n\t\t\t\t<\/div>\n\t\t<div class=\"elementor-element elementor-element-80511eb e-con-full e-flex e-con e-parent\" data-id=\"80511eb\" data-element_type=\"container\" data-e-type=\"container\" data-settings=\"{&quot;background_background&quot;:&quot;classic&quot;}\">\n\t\t\t\t<div class=\"elementor-element elementor-element-2963d40 elementor-widget elementor-widget-heading\" data-id=\"2963d40\" data-element_type=\"widget\" data-e-type=\"widget\" data-widget_type=\"heading.default\">\n\t\t\t\t\t<h2 class=\"elementor-heading-title elementor-size-default\" class=\"elementor-heading-title elementor-size-default\" id=\"medicos-especialistas-da-unidade\">M\u00e9dicos especialistas da unidade<\/h2>\t\t\t\t<\/div>\n\t\t<div class=\"elementor-element elementor-element-2a02330 e-con-full e-flex e-con e-child\" data-id=\"2a02330\" data-element_type=\"container\" data-e-type=\"container\">\n\t\t\t\t<div class=\"elementor-element elementor-element-2a62ba5 elementor-arrows-position-outside elementor-widget__width-inherit elementor-widget elementor-widget-loop-carousel\" data-id=\"2a62ba5\" data-element_type=\"widget\" data-e-type=\"widget\" data-settings=\"{&quot;template_id&quot;:15089,&quot;image_spacing_custom&quot;:{&quot;unit&quot;:&quot;px&quot;,&quot;size&quot;:25,&quot;sizes&quot;:[]},&quot;slides_to_show&quot;:&quot;4&quot;,&quot;_skin&quot;:&quot;post&quot;,&quot;slides_to_show_tablet&quot;:&quot;2&quot;,&quot;slides_to_show_mobile&quot;:&quot;1&quot;,&quot;slides_to_scroll&quot;:&quot;1&quot;,&quot;edit_handle_selector&quot;:&quot;.elementor-loop-container&quot;,&quot;speed&quot;:500,&quot;arrows&quot;:&quot;yes&quot;,&quot;image_spacing_custom_tablet&quot;:{&quot;unit&quot;:&quot;px&quot;,&quot;size&quot;:&quot;&quot;,&quot;sizes&quot;:[]},&quot;image_spacing_custom_mobile&quot;:{&quot;unit&quot;:&quot;px&quot;,&quot;size&quot;:&quot;&quot;,&quot;sizes&quot;:[]}}\" data-widget_type=\"loop-carousel.post\">\n\t\t\t\t\t\t\t<div class=\"swiper elementor-loop-container elementor-grid\" role=\"list\" dir=\"ltr\">\n\t\t\t\t<div class=\"swiper-wrapper\" aria-live=\"polite\">\n\t\t<style id=\"loop-15089\">.elementor-15089 .elementor-element.elementor-element-4715f5f{--display:flex;--flex-direction:column;--container-widget-width:100%;--container-widget-height:initial;--container-widget-flex-grow:0;--container-widget-align-self:initial;--flex-wrap-mobile:wrap;--gap:10px 10px;--row-gap:10px;--column-gap:10px;--border-radius:8px 8px 8px 8px;}.elementor-15089 .elementor-element.elementor-element-4715f5f:not(.elementor-motion-effects-element-type-background), .elementor-15089 .elementor-element.elementor-element-4715f5f > .elementor-motion-effects-container > .elementor-motion-effects-layer{background-color:var( --e-global-color-364d51e );}.elementor-15089 .elementor-element.elementor-element-c29f536 img{width:100%;}.elementor-15089 .elementor-element.elementor-element-725c2de{--display:flex;--flex-direction:column;--container-widget-width:100%;--container-widget-height:initial;--container-widget-flex-grow:0;--container-widget-align-self:initial;--flex-wrap-mobile:wrap;--gap:0px 0px;--row-gap:0px;--column-gap:0px;--margin-top:0px;--margin-bottom:0px;--margin-left:0px;--margin-right:0px;--padding-top:0px;--padding-bottom:0px;--padding-left:0px;--padding-right:0px;}.elementor-15089 .elementor-element.elementor-element-b9b3d81 .elementor-heading-title{font-family:var( --e-global-typography-accent-font-family ), Sans-serif;font-size:var( --e-global-typography-accent-font-size );font-weight:var( --e-global-typography-accent-font-weight );color:var( --e-global-color-accent );}.elementor-15089 .elementor-element.elementor-element-718cd57 .elementor-heading-title{font-family:var( --e-global-typography-518ecc6-font-family ), Sans-serif;font-size:var( --e-global-typography-518ecc6-font-size );font-weight:var( --e-global-typography-518ecc6-font-weight );text-transform:var( --e-global-typography-518ecc6-text-transform );line-height:var( --e-global-typography-518ecc6-line-height );letter-spacing:var( --e-global-typography-518ecc6-letter-spacing );word-spacing:var( --e-global-typography-518ecc6-word-spacing );color:var( --e-global-color-913d7a8 );}.elementor-15089 .elementor-element.elementor-element-4bd4510{--display:flex;--flex-direction:row;--container-widget-width:initial;--container-widget-height:100%;--container-widget-flex-grow:1;--container-widget-align-self:stretch;--flex-wrap-mobile:wrap;--justify-content:flex-end;}.elementor-15089 .elementor-element.elementor-element-4bd4510.e-con{--align-self:flex-end;}.elementor-15089 .elementor-element.elementor-element-a0dc3d3 .elementor-button .elementor-button-content-wrapper{justify-content:end;}.elementor-15089 .elementor-element.elementor-element-a0dc3d3 .elementor-button{font-family:\"Poppins\", Sans-serif;font-size:1em;font-weight:400;text-transform:none;fill:var( --e-global-color-2146515 );color:var( --e-global-color-2146515 );background-color:var( --e-global-color-364d51e );border-radius:0px 0px 0px 0px;padding:0px 0px 0px 0px;}.elementor-15089 .elementor-element.elementor-element-a0dc3d3 .elementor-button:hover, .elementor-15089 .elementor-element.elementor-element-a0dc3d3 .elementor-button:focus{color:var( --e-global-color-accent );background-color:var( --e-global-color-364d51e );}.elementor-15089 .elementor-element.elementor-element-a0dc3d3 .elementor-button:hover svg, .elementor-15089 .elementor-element.elementor-element-a0dc3d3 .elementor-button:focus svg{fill:var( --e-global-color-accent );}@media(max-width:1024px){.elementor-15089 .elementor-element.elementor-element-b9b3d81 .elementor-heading-title{font-size:var( --e-global-typography-accent-font-size );}.elementor-15089 .elementor-element.elementor-element-718cd57 .elementor-heading-title{font-size:var( --e-global-typography-518ecc6-font-size );line-height:var( --e-global-typography-518ecc6-line-height );letter-spacing:var( --e-global-typography-518ecc6-letter-spacing );word-spacing:var( --e-global-typography-518ecc6-word-spacing );}}@media(max-width:767px){.elementor-15089 .elementor-element.elementor-element-725c2de{--margin-top:25px;--margin-bottom:0px;--margin-left:0px;--margin-right:0px;}.elementor-15089 .elementor-element.elementor-element-b9b3d81 .elementor-heading-title{font-size:var( --e-global-typography-accent-font-size );}.elementor-15089 .elementor-element.elementor-element-718cd57 .elementor-heading-title{font-size:var( --e-global-typography-518ecc6-font-size );line-height:var( --e-global-typography-518ecc6-line-height );letter-spacing:var( --e-global-typography-518ecc6-letter-spacing );word-spacing:var( --e-global-typography-518ecc6-word-spacing );}.elementor-15089 .elementor-element.elementor-element-a0dc3d3 .elementor-button{font-size:15px;}}<\/style>\t\t<div data-elementor-type=\"loop-item\" data-elementor-id=\"15089\" class=\"elementor elementor-15089 swiper-slide e-loop-item e-loop-item-17711 post-17711 equipe type-equipe status-publish hentry area-de-atuacao-medicos clinica-santa-maria\" data-elementor-post-type=\"elementor_library\" role=\"group\" aria-roledescription=\"slide\" data-custom-edit-handle=\"1\">\n\t\t\t<div class=\"elementor-element elementor-element-4715f5f e-flex e-con-boxed e-con e-parent\" data-id=\"4715f5f\" data-element_type=\"container\" data-e-type=\"container\" data-settings=\"{&quot;background_background&quot;:&quot;classic&quot;}\">\n\t\t\t\t\t<div class=\"e-con-inner\">\n\t\t\t\t<div class=\"elementor-element elementor-element-c29f536 elementor-widget elementor-widget-image\" data-id=\"c29f536\" data-element_type=\"widget\" data-e-type=\"widget\" data-widget_type=\"image.default\">\n\t\t\t\t\t\t\t\t\t\t\t\t\t\t\t<img decoding=\"async\" width=\"292\" height=\"456\" src=\"https:\/\/nilofrantz.com.br\/site26\/wp-content\/uploads\/2025\/03\/Nilo-Frantz-12.jpg\" class=\"attachment-large size-large wp-image-17712\" alt=\"Dr. Rodrigo Maurer - Ginecologista e Obstetra | CRM 25434\" srcset=\"https:\/\/nilofrantz.com.br\/site26\/wp-content\/uploads\/2025\/03\/Nilo-Frantz-12.jpg 292w, https:\/\/nilofrantz.com.br\/site26\/wp-content\/uploads\/2025\/03\/Nilo-Frantz-12-192x300.jpg 192w\" sizes=\"(max-width: 292px) 100vw, 292px\" \/>\t\t\t\t\t\t\t\t\t\t\t\t\t\t\t<\/div>\n\t\t<div class=\"elementor-element elementor-element-725c2de e-con-full e-flex e-con e-child\" data-id=\"725c2de\" data-element_type=\"container\" data-e-type=\"container\">\n\t\t\t\t<div class=\"elementor-element elementor-element-b9b3d81 elementor-widget elementor-widget-heading\" data-id=\"b9b3d81\" data-element_type=\"widget\" data-e-type=\"widget\" data-widget_type=\"heading.default\">\n\t\t\t\t\t<span class=\"elementor-heading-title elementor-size-default\">Dr. Rodrigo Maurer<\/span>\t\t\t\t<\/div>\n\t\t\t\t<div class=\"elementor-element elementor-element-718cd57 elementor-widget elementor-widget-heading\" data-id=\"718cd57\" data-element_type=\"widget\" data-e-type=\"widget\" data-widget_type=\"heading.default\">\n\t\t\t\t\t<span class=\"elementor-heading-title elementor-size-default\">CRM 25434<\/span>\t\t\t\t<\/div>\n\t\t<div class=\"elementor-element elementor-element-4bd4510 e-con-full e-flex e-con e-child\" data-id=\"4bd4510\" data-element_type=\"container\" data-e-type=\"container\">\n\t\t\t\t<div class=\"elementor-element elementor-element-a0dc3d3 elementor-align-justify elementor-widget elementor-widget-button\" data-id=\"a0dc3d3\" data-element_type=\"widget\" data-e-type=\"widget\" data-widget_type=\"button.default\">\n\t\t\t\t\t\t\t\t\t\t<a class=\"elementor-button elementor-button-link elementor-size-sm\" href=\"https:\/\/nilofrantz.com.br\/site26\/blog\/equipe\/dr-rodrigo-maurer\/\">\n\t\t\t\t\t\t<span class=\"elementor-button-content-wrapper\">\n\t\t\t\t\t\t\t\t\t<span class=\"elementor-button-text\">Saiba mais<\/span>\n\t\t\t\t\t<\/span>\n\t\t\t\t\t<\/a>\n\t\t\t\t\t\t\t\t<\/div>\n\t\t\t\t<\/div>\n\t\t\t\t<\/div>\n\t\t\t\t\t<\/div>\n\t\t\t\t<\/div>\n\t\t\t\t<\/div>\n\t\t\t\t<\/div>\n\t\t<\/div>\n\t\t\t\t\t<div class=\"elementor-swiper-button elementor-swiper-button-prev\" role=\"button\" tabindex=\"0\" aria-label=\"Anterior\">\n\t\t\t\t<svg xmlns=\"http:\/\/www.w3.org\/2000\/svg\" width=\"24\" height=\"24\" viewBox=\"0 0 24 24\" fill=\"none\"><path d=\"M5 12H19\" stroke=\"white\" stroke-width=\"1.5\" stroke-linecap=\"round\" stroke-linejoin=\"round\"><\/path><path d=\"M10 7L5 12\" stroke=\"white\" stroke-width=\"1.5\" stroke-linecap=\"round\" stroke-linejoin=\"round\"><\/path><path d=\"M10 17L5 12\" stroke=\"white\" stroke-width=\"1.5\" stroke-linecap=\"round\" stroke-linejoin=\"round\"><\/path><\/svg>\t\t\t<\/div>\n\t\t\t<div class=\"elementor-swiper-button elementor-swiper-button-next\" role=\"button\" tabindex=\"0\" aria-label=\"Pr\u00f3ximo\">\n\t\t\t\t<svg xmlns=\"http:\/\/www.w3.org\/2000\/svg\" width=\"24\" height=\"24\" viewBox=\"0 0 24 24\" fill=\"none\"><path d=\"M19 12H5\" stroke=\"white\" stroke-width=\"1.5\" stroke-linecap=\"round\" stroke-linejoin=\"round\"><\/path><path d=\"M14 7L19 12\" stroke=\"white\" stroke-width=\"1.5\" stroke-linecap=\"round\" stroke-linejoin=\"round\"><\/path><path d=\"M14 17L19 12\" stroke=\"white\" stroke-width=\"1.5\" stroke-linecap=\"round\" stroke-linejoin=\"round\"><\/path><\/svg>\t\t\t<\/div>\n\t\t\t\t\t\t<\/div>\n\t\t\t\t<\/div>\n\t\t\t\t<div class=\"elementor-element elementor-element-20f0744 elementor-widget elementor-widget-spacer\" data-id=\"20f0744\" data-element_type=\"widget\" data-e-type=\"widget\" data-widget_type=\"spacer.default\">\n\t\t\t\t\t\t\t<div class=\"elementor-spacer\">\n\t\t\t<div class=\"elementor-spacer-inner\"><\/div>\n\t\t<\/div>\n\t\t\t\t\t\t<\/div>\n\t\t\t\t<\/div>\n\t\t\t\t<\/div>\n\t\t","protected":false},"excerpt":{"rendered":"<p>Santa Maria Localizada na \u00e1rea central da cidade, com f\u00e1cil acesso a hot\u00e9is e conveni\u00eancias. Endere\u00e7o Rua Andr\u00e9 Marques, 820 &#8211; sala 703Centro, Santa Maria &#8211; RS97010-041 Hor\u00e1rio de Funcionamento Segunda \u00e0 sexta: 8h \u00e0s 18h S\u00e1bado: 8h \u00e0s 12h Contato (55) 3225-4119 (55) 99216 3793 clinica@nilofrantz.com.br Entre em contato conosco Para mais informa\u00e7\u00f5es, entre [&hellip;]<\/p>\n","protected":false},"author":3,"featured_media":0,"parent":0,"menu_order":-2,"comment_status":"closed","ping_status":"closed","template":"","meta":{"_acf_changed":false,"footnotes":""},"class_list":["post-15840","page","type-page","status-publish","hentry"],"acf":[],"_links":{"self":[{"href":"https:\/\/nilofrantz.com.br\/site26\/wp-json\/wp\/v2\/pages\/15840","targetHints":{"allow":["GET"]}}],"collection":[{"href":"https:\/\/nilofrantz.com.br\/site26\/wp-json\/wp\/v2\/pages"}],"about":[{"href":"https:\/\/nilofrantz.com.br\/site26\/wp-json\/wp\/v2\/types\/page"}],"author":[{"embeddable":true,"href":"https:\/\/nilofrantz.com.br\/site26\/wp-json\/wp\/v2\/users\/3"}],"replies":[{"embeddable":true,"href":"https:\/\/nilofrantz.com.br\/site26\/wp-json\/wp\/v2\/comments?post=15840"}],"version-history":[{"count":0,"href":"https:\/\/nilofrantz.com.br\/site26\/wp-json\/wp\/v2\/pages\/15840\/revisions"}],"wp:attachment":[{"href":"https:\/\/nilofrantz.com.br\/site26\/wp-json\/wp\/v2\/media?parent=15840"}],"curies":[{"name":"wp","href":"https:\/\/api.w.org\/{rel}","templated":true}]}}